s of 1013497.
113, 8969
What are the prime factors of 2150651?
2150651
List the prime factors of 325624.
2, 13, 31, 101
What are the prime factors of 25327506?
2, 3, 293, 14407
List the prime factors of 1750426.
2, 875213
List the prime factors of 21069297.
3, 2341033
What are the prime factors of 641420?
2, 5, 13, 2467
List the prime factors of 302093.
11, 29, 947
What are the prime factors of 4391412?
2, 3, 29, 12619
List the prime factors of 125972.
2, 7, 11, 409
What are the prime factors of 3061116?
2, 3, 23, 3697
What are the prime factors of 1680734?
2, 11, 241, 317
What are the prime factors of 257680?
2, 5, 3221
What are the prime factors of 435950?
2, 5, 8719
List the prime factors of 90115.
5, 67, 269
List the prime factors of 2042226.
2, 3, 59, 641
What are the prime factors of 166758?
2, 3, 27793
List the prime factors of 1127024.
2, 70439
List the prime factors of 190203.
3, 13, 4877
What are the prime factors of 256376?
2, 73, 439
What are the prime factors of 91550?
2, 5, 1831
What are the prime factors of 27131517?
3, 7, 109, 439
List the prime factors of 3838.
2, 19, 101
What are the prime factors of 9739747?
9739747
List the prime factors of 3307.
3307
What are the prime factors of 3424907?
23, 43, 3463
What are the prime factors of 33908089?
33908089
List the prime factors of 4190938.
2, 41, 51109
What are the prime factors of 49034?
2, 24517
List the prime factors of 90069.
3, 7, 4289
What are the prime factors of 2075442?
2, 3, 345907
List the prime factors of 19665.
3, 5, 19, 23
What are the prime factors of 1403176?
2, 43, 4079
List the prime factors of 182228.
2, 45557
List the prime factors of 3554613.
3, 487, 811
What are the prime factors of 939530?
2, 5, 47, 1999
What are the prime factors of 5176836?
2, 3, 7, 20543
What are the prime factors of 193851?
3, 7, 17, 181
List the prime factors of 17550494.
2, 13, 17, 59, 673
List the prime factors of 319190.
2, 5, 59, 541
List the prime factors of 49652.
2, 12413
What are the prime factors of 19124676?
2, 3, 47, 89, 127
List the prime factors of 1234484.
2, 308621
What are the prime factors of 193878?
2, 3, 10771
What are the prime factors of 160866?
2, 3, 331
What are the prime factors of 1482753?
3, 494251
What are the prime factors of 18298394?
2, 2243, 4079
List the prime factors of 16202690.
2, 5, 7, 211, 1097
List the prime factors of 190330.
2, 5, 7, 2719
What are the prime factors of 9797654?
2, 19, 89, 2897
What are the prime factors of 1600438?
2, 7, 2333
List the prime factors of 1565733.
3, 13, 19, 2113
What are the prime factors of 159545?
5, 17, 1877
What are the prime factors of 259781?
259781
What are the prime factors of 6273031?
6273031
What are the prime factors of 491972?
2, 13, 9461
List the prime factors of 145773.
3, 5399
List the prime factors of 1926205.
5, 601, 641
List the prime factors of 369959.
369959
What are the prime factors of 287777?
7, 839
List the prime factors of 400332.
2, 3, 73, 457
What are the prime factors of 18092767?
7, 11, 41, 521
What are the prime factors of 1884438?
2, 3, 34897
List the prime factors of 16979352.
2, 3, 13, 54421
List the prime factors of 441146.
2, 220573
What are the prime factors of 14458282?
2, 7229141
What are the prime factors of 2275124?
2, 71, 8011
List the prime factors of 1725227.
7, 193, 1277
List the prime factors of 9659724.
2, 3, 23, 31, 1129
What are the prime factors of 9726009?
3, 73, 89, 499
What are the prime factors of 322572?
2, 3, 26881
List the prime factors of 29010.
2, 3, 5, 967
List the prime factors of 2702450.
2, 5, 54049
What are the prime factors of 158077?
158077
List the prime factors of 5937683.
5937683
List the prime factors of 13489805.
5, 7, 31, 12433
What are the prime factors of 475648?
2, 929
List the prime factors of 629965.
5, 7, 41, 439
What are the prime factors of 2377166?
2, 11, 19, 47
What are the prime factors of 1425015?
3, 5, 31667
What are the prime factors of 713538?
2, 3, 7, 809
List the prime factors of 3149678.
2, 7, 224977
List the prime factors of 294034.
2, 13, 43, 263
What are the prime factors of 7589130?
2, 3, 5, 252971
What are the prime factors of 17626953?
3, 1979, 2969
What are the prime factors of 2930214?
2, 3, 7, 69767
List the prime factors of 260844.
2, 3, 21737
What are the prime factors of 401666?
2, 229, 877
What are the prime factors of 1076616?
2, 3, 19, 787
What are the prime factors of 232929?
3, 8627
List the prime factors of 5050399.
103, 49033
List the prime factors of 436963.
436963
What are the prime factors of 4118668?
2, 19, 54193
List the prime factors of 3002113.
3002113
What are the prime factors of 157720?
2, 5, 3943
List the prime factors of 301277.
23, 13099
List the prime factors of 522536.
2, 7, 31, 43
What are the prime factors of 112694?
2, 29, 67
List the prime factors of 12749503.
13, 980731
What are the prime factors of 872319?
3, 7, 41539
What are the prime factors of 1360403?
11, 11243
What are the prime factors of 2826208?
2, 7, 11, 31, 37
What are the prime factors of 13411330?
2, 5, 569, 2357
List the prime factors of 882220.
2, 5, 44111
List the prime factors of 2691632.
2, 168227
List the prime factors of 288787.
317, 911
List the prime factors of 365501.
317, 1153
List the prime factors of 5237928.
2, 3, 23, 3163
List the prime factors of 1107991.
191, 5801
What are the prime factors of 11534?
2, 73, 79
What are the prime factors of 5485734?
2, 3, 304763
List the prime factors of 9872618.
2, 7, 100741
What are the prime factors of 4221458?
2, 19, 111091
What are the prime factors of 4502448?
2, 3, 31267
What are the prime factors of 17898843?
3, 5966281
What are the prime factors of 25592768?
2, 399887
List the prime factors of 169989.
3, 56663
What are the prime factors of 241416?
2, 3, 7, 479
What are the prime factors of 6664518?
2, 3, 7, 653
List the prime factors of 123626.
2, 61813
What are the prime factors of 4250377?
23, 283, 653
What are the prime factors of 10357150?
2, 5, 359, 577
List the prime factors of 454667.
307, 1481
List the prime factors of 2429525.
5, 7, 13883
List the prime factors of 383393.
383393
What are the prime factors of 2608877?
223, 11699
What are the prime factors of 1458684?
2, 3, 40519
What are the prime factors of 24356?
2, 6089
List the prime factors of 1220487.
3, 73, 5573
List the prime factors of 664180.
2, 5, 11, 3019
List the prime factors of 1105695.
3, 5, 24571
List the prime factors of 7690369.
173, 44453
List the prime factors of 19980229.
19, 1051591
What are the prime factors of 11393765?
5, 2278753
What are the prime factors of 5827?
5827
What are the prime factors of 140548?
2, 41, 857
What are the prime factors of 23843800?
2, 5, 29, 4111
List the prime factors of 4946885.
5, 989377
List the prime factors of 25297.
41, 617
List the prime factors of 355603.
23, 15461
List the prime factors of 1034716.
2, 139, 1861
What are the prime factors of 544024?
2, 13, 5231
List the prime factors of 5842989.
3, 23, 97
List the prime factors of 2801831.
83, 33757
What are the prime factors of 167344?
2, 10459
What are the prime factors of 19064976?
2, 3, 7, 23, 2467
What are the prime factors of 253635?
3, 5, 37, 457
List the prime factors of 159993.
3, 29, 613
What are the prime factors of 111802?
2, 55901
What are the prime factors of 6723969?
3, 7, 29, 61, 181
What are the prime factors of 5107830?
2, 3, 5, 7, 13, 1871
What are the prime factors of 1610653?
11, 146423
What are the prime factors of 3972239?
199, 19961
What are the prime factors of 4696416?
2, 3, 23, 709
List the prime factors of 407302.
2, 7, 47, 619
List the prime factors of 424998.
2, 3, 7, 3373
What are the prime factors of 90283?
137, 659
List the prime factors of 244282.
2, 67, 1823
What are the prime factors of 4962246?
2, 3, 827041
List the prime factors of 7342.
2, 3671
What are the prime factors of 28305?
3, 5, 17, 37
List the prime factors of 4512255.
3, 5, 11, 23, 29, 41
List the prime factors of 392487.
3, 130829
List the prime factors of 170883.
3, 6329
What are the prime factors of 23761495?
5, 17, 19, 14713
What are the prime factors of 10640609?
7, 97, 15671
What are the prime factors of 281931?
3, 13, 7229
What are the prime factors of 12055351?
7, 11, 43, 331
What are the p